s divided by 45?
38
Let u = -124 + 198. Let x = 16 + -16. Suppose x = 3*n - 30 - 27. What is the remainder when u is divided by n?
17
Let o(s) = 4*s + 23. Let j be o(-14). Let p = j - -51. What is the remainder when 70 is divided by p?
16
Let c = -161 + 250. Calculate the remainder when c is divided by 33.
23
Let f(g) = 10*g**2 + 2*g - 12. Let y be 2/8 - 22/(-8). Suppose -y*b = -0*b - 3*p - 27, -50 = -4*b - 3*p. What is the remainder when f(2) is divided by b?
10
Suppose 824 = 83*s - 79*s. Calculate the remainder when s is divided by 15.
11
Suppose -6 = 14*r - 12*r, 5*f - 3*r = 1174. What is the remainder when f is divided by 47?
45
Let m = 84 + -70. Let b(i) = 4*i**2 + 2 + 3*i**3 - 2*i**3 - 6*i + 1. What is the remainder when m is divided by b(-5)?
6
Let f be (-1)/(-3)*-59 - 2/(-3). Let g = f - -41. Calculate the remainder when 78 is divided by g.
12
Suppose 3*q + 2*q - m - 228 = 0, q = 5*m + 60. Suppose -3*i + q = 2*i. Let o = 38 + i. Calculate the remainder when o is divided by 12.
11
Suppose -k = -2*i + 280, 5*k - 446 = -5*i + 2*i. Suppose 0 = -r - r + i. What is the remainder when r is divided by 18?
17
Let h(d) = d**3 + 7*d**2 + 5*d + 3. Suppose -8 = 5*p - 3*p. Let f be h(p). Let j = 50 - f. What is the remainder when 36 is divided by j?
17
Suppose 12*o - 731 = 8*o + a, -o = -a - 182. What is the remainder when o is divided by 14?
1
Suppose 4*q = -3*u + 52, -2*q + 1 = -3*u - 43. Calculate the remainder when 248 is divided by q.
8
Suppose 8*q + 32 = -24. Let n(t) = -8*t - 23. Calculate the remainder when n(q) is divided by 7.
5
Suppose 17*w = 13*w + 1952. Suppose w = 8*a - 72. What is the remainder when a is divided by 9?
7
Let i = 7 + -6. Let l be (-2)/(4/4) - i. What is the remainder when (13/(-3) + 2)*l is divided by 2?
1
Suppose -2*m = -h, 5*h = m - 0*h. Suppose m*b = -2*b + 18. What is the remainder when b is divided by 6?
3
Let p = -5 + 21. Let w(y) = 32*y + 351. Calculate the remainder when w(-10) is divided by p.
15
Let j = 5 - 3. Suppose 0 = 2*s - j*y - 22, 0 = -5*s + s - 5*y + 62. What is the remainder when 25 is divided by s?
12
Suppose 2*u + 477 = 4321. What is the remainder when u is divided by 74?
72
Let f be ((-50)/(-4))/((-6)/(-84)). Suppose 0 = -6*v + v + f. Calculate the remainder when 101 is divided by v.
31
Let i(y) = 5*y**2 - 3*y - 3. Let j be i(-6). Let l be 1/(3/23*16/48). Suppose 4*f = j - l. Calculate the remainder when f is divided by 11.
10
Let z(d) = -96*d + 692. What is the remainder when z(7) is divided by 8?
4
Let a = 2121 - 2109. Suppose 3*w + 4*r - 101 = 8*r, 5*w - 4*r = 155. What is the remainder when (-6)/w + (-200)/(-9) is divided by a?
10
Let o(k) = 3*k - 13 - 1 - 11. What is the remainder when 13 is divided by o(11)?
5
What is the remainder when 2/(-6) + 132/18 is divided by 3?
1
Calculate the remainder when 94 is divided by (-1887)/(-68) - (-4)/16.
10
What is the remainder when 27 is divided by 28/(-10)*(-1 - (-16)/(-4))?
13
Let y(v) = v**3 - 10*v**2 + 6*v - 55. Let x be 2 + -3 + 4/1. Suppose -2*n = -q + 9, 5*q - x = -2*n + 6. What is the remainder when y(10) is divided by q?
2
Let q = 19 + -8. Suppose -5*z + q = 1. Calculate the remainder when z/8 + 774/8 is divided by 20.
17
Suppose 26*h - 35232 = -6*h. Calculate the remainder when h is divided by 48.
45
Let q = -72 - -74. Calculate the remainder when (q - (5 + -4)) + 24 is divided by 15.
10
Let y = -9 - -23. Calculate the remainder when (-4)/(-6) + (-5)/((-30)/308) is divided by y.
10
Suppose 140 = s - 3*y + 16, -460 = -4*s + 3*y. Calculate the remainder when 208 is divided by s.
96
Let o = -242 + 264. Calculate the remainder when 371 is divided by o.
19
Suppose -579 = 5*t + 91. Let f = t + 207. Calculate the remainder when f is divided by 20.
13
Suppose -3*k - 4*d + 60 = 0, 0 = 2*k - 4*d + 2*d - 40. What is the remainder when 3/1 - 2 - -50 is divided by k?
11
Let z be 9/45 + 1861/(-5). Calculate the remainder when (-3*4/(-9))/((-8)/z) is divided by 16.
14
Let h = -5482 - -5508. Calculate the remainder when (0 + 1)/1 + 101 is divided by h.
24
Suppose 13*i + 319 = 527. What is the remainder when i is divided by 4?
0
Let i(o) = -2 + 40*o**2 + 1 + o + 41*o**2. Let g be (-20)/(-28) + ((-12)/14)/(-3). Calculate the remainder when i(g) is divided by 28.
25
Let t(a) = -a**2 - 15*a + 20. Calculate the remainder when 67 is divided by t(-16).
3
Let i = 4 + -24. Suppose 4*w = 3*o - 23, -4*w + o - 1 = -6*w. Calculate the remainder when 48 is divided by -34*w/i*-5.
14
Suppose j = -3*p + 157 + 6, 3*j + 51 = p. Let i(q) = 35*q - 37*q - 8 + 2. Calculate the remainder when p is divided by i(-10).
12
Let p(a) = 43*a**2 - 2. Let h be p(-1). Let m = h + -36. What is the remainder when m is divided by (2 - 2)*-1 - -2?
1
Let b = -236 + 384. Suppose -f = -2*f + 30. What is the remainder when b is divided by f?
28
Suppose 0 = -5*g + 2*g + 159. Suppose -12 = -5*z + g. Suppose -3*o + 4*d + 50 = 0, -d + 6 = 3*o - 64. Calculate the remainder when o is divided by z.
9
Suppose -144*d - 176 = -160*d. Let l = -17 + -24. Let h = -11 - l. Calculate the remainder when h is divided by d.
8
Suppose -r + 32 = 13. Let a = 11 + -7. Calculate the remainder when r is divided by 0*(-2)/a + 7.
5
Suppose 0 = 2*z + 3*z - 15. Let h be 0*2/8 - 3. Let u = z - h. Calculate the remainder when 15 is divided by u.
3
Suppose 0 = 14*c - 165 + 81. Calculate the remainder when 123 is divided by c.
3
Let k(m) = m**2 - 4*m + 6. Let z be k(3). Let u(a) = 2*a**z + 1 + 5 - 2*a**2 + 3*a**3 - 4. Calculate the remainder when 132 is divided by u(2).
30
Suppose 11*d + 958 - 1629 = 0. What is the remainder when d is divided by 32?
29
Let x(a) = a**2 - 8*a - 5. Let f = 8 + 4. What is the remainder when 83 is divided by x(f)?
40
Let q = 7 - 25. Let u = 152 + -120. Let t = u + q. What is the remainder when 27 is divided by t?
13
Let h = -43 - -71. Let g = h - 14. Calculate the remainder when g is divided by 32/6*6/4.
6
Suppose g - 20 = -3*g, -2*d + 5*g = 25. Let y(q) = -q**3 - q**2 + 4. What is the remainder when 5 is divided by y(d)?
1
What is the remainder when 47683/246 - 2/(-12) is divided by 15?
14
Suppose -5*y + 26 + 19 = 0. Suppose 13*n - 108 = y*n. Let v = 72 - n. What is the remainder when v is divided by 24?
21
Let j = -3 - 33. What is the remainder when 8 is divided by j/(-24) - 1/(-2)?
0
Suppose -p = -4*p + a + 13, 5*p - a - 21 = 0. Let t = 44 + -30. What is the remainder when t is divided by p?
2
Let y = 1440 + -1426. Suppose 0 = c + 11 - 93. What is the remainder when c is divided by y?
12
Let s = -904 + 1241. Calculate the remainder when s is divided by 83.
5
Suppose -r = 4*f - 55, 5*r - 7*f = -4*f + 298. Let x be (-10)/(-4) - (-2)/4. Suppose 0 = x*y - 17 - 73. Calculate the remainder when r is divided by y.
29
Calculate the remainder when 124 - 47 - (-2)/(-1) is divided by 6.
3
Suppose 632 = 10*h + 192. Let k = -97 - -142. Suppose k = 3*w - 0*w. Calculate the remainder when h is divided by w.
14
Let k = -9 + 9. Suppose a = -k*a + 57. Let z = 1 - -14. Calculate the remainder when a is divided by z.
12
Let p(x) = -11*x**2 + 75*x - 126. Let t(n) = -4*n**2 + 25*n - 42. Let u(q) = 3*p(q) - 8*t(q). What is the remainder when u(16) is divided by 18?
12
Let o(t) = 29*t**2 + 112*t. Suppose 3*b - 21 = -0. What is the remainder when o(-4) is divided by b?
2
Let k(i) = -i**2 + 7*i - 7. Let w be k(5). Suppose 0 = 2*m - 5*f - 33, -m + 10 = 7*f - w*f. Calculate the remainder when m is divided by 3.
2
Suppose -4*u + 4*h + 60 = -196, -195 = -3*u + 4*h. What is the remainder when 243 is divided by u?
60
Suppose -1161*h + 307 = -1158*h - 4*u, -203 = -2*h + u. Calculate the remainder when h is divided by 165/6 - (-1)/(-2).
20
Let r(l) = l**2 + 7*l + 3. Suppose 18 = 3*a - 9. Suppose 2*c + 5 = -a. What is the remainder when 9 is divided by r(c)?
0
Let i = -27 + 34. Calculate the remainder when 5/4 + -1 - 190/(-8) is divided by i.
3
Suppose -5*d + 595 = 3*b, 2*b - 4*d = -0*d + 426. Suppose 0*q - 40 = -4*q. What is the remainder when ((-88)/14 - -6) + b/7 is divided by q?
9
Let t(z) = -4*z**3 - 3*z**2 - z + 9. Calculate the remainder when 181 is divided by t(-3).
88
Let a = -620 + 2358. What is the remainder when a is divided by 29?
27
Let f(b) = 170*b**2 + 7*b - 8. Let r(u) = u - 2. Let p(z) = f(z) - 4*r(z). What is th